1*s + 65. Let k(c) = -17*p(c) - 6*y(c). Let i be k(-9). Let h = i + -1. What is the units digit of h?
3
Suppose 4*n + 2*n + 582 = 0. Let w = -47 + n. Let z = 359 + w. What is the hundreds digit of z?
2
Let h = -363 + 771. Suppose h = -3*a + 1614. What is the hundreds digit of a?
4
Let h be 948*((-25)/(-15) + -1). Suppose 0 = s - d - h - 107, 0 = -s - 2*d + 742. What is the units digit of s/6*3/2?
5
Let a = -470 + 448. Let o(x) = -x**3 - 20*x**2 - 13*x + 12. What is the hundreds digit of o(a)?
2
Let z be (-5)/10 - ((-825)/(-10))/(-1). Suppose 314 + 34 = -6*b. Let j = z + b. What is the tens digit of j?
2
Let b(v) = -v**2 + 6*v - 4. Let i be b(10). Let w be ((i/(-6))/(14/63))/1. Suppose 8*o + w = 361. What is the tens digit of o?
4
Suppose -3*w - 48 = -11*w. What is the hundreds digit of (2/w)/((-2)/(-2334))?
3
Suppose -17132 = -19*y + 15*y. Suppose 5*w - 4*u = 5340, 6*w - 10*w = -u - y. What is the units digit of w?
2
Let w be 27/1*(7 + 1 + 0). Suppose -283*t + 284*t = w. What is the hundreds digit of t?
2
Let c = 42 + -57. Let s be (3/5)/(c/(-50)). Suppose k = -s*m + 65, -4*k + 0*m + 251 = -m. What is the units digit of k?
3
Let l(k) = 3*k**2 + 27*k + 145. Let y(i) = i**3 - 12*i**2 - 21. Let m be y(12). What is the tens digit of l(m)?
0
Let x = 139 + -132. Suppose -5 = -2*c + k + x, -2*k + 48 = 5*c. What is the units digit of c?
8
Let z(h) = 9*h. Let w be z(-9). Let n = w + 82. What is the units digit of n?
1
Let c(w) = 59*w**3 + 6*w**2 - 16*w - 3. What is the units digit of c(3)?
6
Let z(a) = 203*a**3 + 5*a**2 - 83*a + 382. What is the units digit of z(5)?
7
Let c(w) = -13*w - 181. Let u be c(-14). What is the hundreds digit of 1388 - (78/12 + u/(-2))?
3
Let c be (-98)/(-28)*2/(-1). Let m(t) = 3*t**2 - 3*t - 1. Let q(u) = -10*u**2 + 9*u + 3. Let g(j) = c*m(j) - 2*q(j). What is the units digit of g(2)?
3
Suppose 3*w + 2*w = -3*o + 53211, 3*w - 31947 = 5*o. What is the tens digit of w?
4
Let a be (-1)/((10/(-2005))/(-2)). Let j = a - -711. What is the hundreds digit of j?
3
Suppose -4*l = 2*f - 4, 0 = 2*f - 2*l - 16 + 6. Suppose -f*a + q = 1, 3*q + q - 4 = -a. Suppose a = -m + 76 + 59. What is the hundreds digit of m?
1
Let n = -26600 - -38174. What is the thousands digit of n?
1
Suppose 0 = 209*t - 257*t + 369312. What is the hundreds digit of t?
6
Suppose -4 + 2 = -2*k, -4*k - 64 = -2*d. Let a = 87 + d. What is the units digit of a?
1
Suppose -7*p + 12*t - 16*t + 55749 = 0, 5*p - t = 39813. What is the thousands digit of p?
7
Suppose 14*n - 70 = -0*n. Suppose -n*h - 81 = 4*c + 479, -4*c - 560 = h. Let v = c + 256. What is the tens digit of v?
1
What is the ten thousands digit of (4 + 9/((-81)/(-94299)))*3 + -8?
3
Let g(a) = a**3 - 42*a**2 - 124*a - 13. What is the tens digit of g(53)?
1
What is the units digit of (5831/(-51))/(3*3/(-378))?
2
Suppose 30*r + 11707 - 162367 = 0. What is the thousands digit of r?
5
Let a be (-1)/(-2)*10*-1. Suppose 11628 = 57*r + 45*r. Let s = r - a. What is the hundreds digit of s?
1
What is the thousands digit of ((-1)/(4/(-6398)))/(-12 - (-98)/8)?
6
Let f(k) be the third derivative of 91/6*k**3 - 1/4*k**4 + 0 - 11*k**2 + 0*k. What is the tens digit of f(0)?
9
Let c = 11722 + 24827. What is the hundreds digit of c?
5
Let m(u) = -15*u + 7. Let f(t) = 6*t + 14. Let c be f(-7). Let q = c - -24. What is the units digit of m(q)?
7
Suppose -a + 1021 = -5*t - 76, -t - 5*a - 235 = 0. What is the units digit of ((-6)/(-5))/(-4 + (-913)/t)?
8
Let x be 11 - (-3 - (-5 + -3)). Suppose 639 = x*z + 3*z. What is the units digit of z?
1
Let i = 43963 - -12111. What is the ten thousands digit of i?
5
Let q(g) = -g**3 - 11*g**2 - 21*g - 86. Let x = -192 + 179. What is the tens digit of q(x)?
2
Suppose 56 = 19*v - 1. What is the tens digit of v/(-1)*(-110 - (2 - -5))?
5
Suppose -13*h - 5 + 421 = 0. What is the hundreds digit of (-48294)/(-48) - (9 - 5)/h?
0
What is the tens digit of (-10)/(-35) - (-46)/(-14) - (14 + -1459)?
4
Let m = -87 - -102. Let r be 84/m - 12/(-30). Let q(s) = 3*s**2 - 2*s - 12. What is the units digit of q(r)?
4
Let m(k) = -k**2 - 1. Let u(l) = -l**2 + 57*l - 2. Let n(x) = 6*m(x) - u(x). What is the tens digit of n(-5)?
5
Suppose 0 = o + 3*c - 26149, -8*c + 4*c + 26144 = o. What is the ten thousands digit of o?
2
Let v(m) = 5*m + 29. Let q be v(-5). Let i = 93 - 23. Suppose -5*h - 4*w = -43, h - i = -q*h + 5*w. What is the tens digit of h?
1
Let s = -193 - -198. Suppose -s*g + 0*g = 3*u - 848, 5*u = 3*g + 1436. What is the units digit of u?
6
Suppose 0 = 12*x - 16*x + 8. What is the tens digit of (x + (0 - 3))*(-67 - 10)?
7
Let g = 173 + 1. Let p be -2*g/(-4) - (2 - 4). Suppose 2*a = 111 + p. What is the tens digit of a?
0
Let x be (2/8*-2)/((-22)/(-3916)). Let f = -567 - -803. Let d = x + f. What is the units digit of d?
7
Let o(w) = w**2 + w. Let j be o(-2). Suppose -j*d - 6*t + 552 = -9*t, 5*t = -10. What is the hundreds digit of d?
2
Suppose o + 4*j = 2941, 3*j - 1901 + 16514 = 5*o. What is the thousands digit of o?
2
Let d(m) = 2*m**2 + 28*m + 28. Let x(g) = g**2 + 14*g + 14. Let c(o) = 2*d(o) - 5*x(o). Let f be c(-7). Suppose f*t = 40*t - 250. What is the units digit of t?
0
Let q be (-6 - -5)/(1/(-8)). Suppose -6*v + q = -2*v. What is the tens digit of 56 + (-1)/(-2)*v?
5
Suppose 5*g + o = 54726, -g + 867 + 10125 = -5*o. What is the tens digit of g?
4
Suppose -60 = -2*i - 48. Suppose -y - k + 144 = 0, -570 = 2*y - i*y - k. What is the tens digit of y?
4
Suppose -4*n = p - 2*n - 11, -4*n - 11 = -p. Let m(g) be the third derivative of 3*g**4/4 - 13*g**3/6 - g**2. What is the hundreds digit of m(p)?
1
Suppose 4*y + 2522 + 4900 = 10*y. What is the units digit of y?
7
Let r be (-3)/9 - (-354)/9. Let c = -45 + r. Let w(u) = -4*u - 14. What is the units digit of w(c)?
0
Suppose 13*b + 137 - 46 = 0. What is the units digit of (-6)/(-9) - ((-5896)/12 - b)?
5
Suppose 1671365 - 1709885 - 7240542 = -142*c. What is the hundreds digit of c?
2
Suppose 0 = 3*w + 4*f - 11288, -w + 3756 = -0*w - 2*f. What is the units digit of w?
0
Let f = -9212 - -18668. What is the thousands digit of f?
9
Let z(i) = 5*i**3 - 7*i**2 + 3*i + 2. Let s be z(1). Suppose 1407 = s*j - 51. What is the hundreds digit of j?
4
Let x be (120/(-28) - -2)/(1/(-7)). What is the hundreds digit of -1 + -3 - (-187 + x/(-8))?
1
Suppose -4*f - 235 = -835. Let t = f - 30. Let h = t - 23. What is the units digit of h?
7
Let m be (0 - (-5)/1) + (0 - 1). Suppose -a + t = -2 - 3, a + m*t + 20 = 0. Suppose a = f - 45 - 192. What is the hundreds digit of f?
2
Let u = 142 + -136. Suppose -73 = u*h - 679. What is the hundreds digit of h?
1
Let h = 1398 - 361. Let p = h + -389. What is the hundreds digit of p?
6
What is the tens digit of (-123)/205 - 297753/(-5)?
5
Let d = 9329 - -5990. What is the thousands digit of d?
5
Let s(v) = -201*v - 5. Let u be s(-15). Let p = u + -1877. What is the thousands digit of p?
1
Let u(g) = -2*g**2 - 11*g - 10. Let b be u(-4). Let f be 36/(-15) + b - 84/(-10). Suppose -790 = -13*p + f*p. What is the hundreds digit of p?
1
Suppose 310*g = 347*g - 1548709. What is the ten thousands digit of g?
4
Suppose -15 = -2*h + o, 0*h + o + 24 = 3*h. Suppose -456 = -11*m + h*m. What is the tens digit of m?
2
Let k = 35 - 27. Suppose -k*y + 676 = 5*y. What is the units digit of y?
2
Suppose 0 = 21*b - 103894 - 1471484. What is the thousands digit of b?
5
Suppose 2 = 2*t + 4, 4*j + 5*t - 3 = 0. Let q(d) = 5*d**2 + 2394*d - 2398*d - 5*d**j + 2*d**2 + 12. What is the units digit of q(4)?
8
Let i(p) = 159*p + 136. Let x(f) = 321*f + 272. Let v(r) = -9*i(r) + 4*x(r). What is the tens digit of v(-6)?
4
Let c(s) = -62*s - 34. Let n(t) = -31*t - 16. Let z(g) = 6*c(g) - 11*n(g). What is the units digit of z(-8)?
0
Suppose 194*m = 81*m + 585227. What is the tens digit of m?
7
Let q be 1/(-2 - 39/(-18)). What is the units digit of (-796)/(-7) - (24/(-14))/q?
4
Let m be (-10)/55 - (-1536)/(-22). Let z = m - -80. Let b(f) = 2*f**2 - 11*f - 1. What is the tens digit of b(z)?
8
Let j(i) = 36*i**3 - 2*i**2 + 3*i. Let l be j(2). Let c be (-2)/(-7) + l/77. Let k(d) = 14*d - 7. What is the units digit of k(c)?
9
Let g = 5195 - 3658. Let k = g - 977. What is the hundreds digit of k?
5
Suppose 0 = 2*h + 4, -4*h - 5460 = -2*n + 5444. What is the hundreds digi